t is p(28)?
7
Let x(z) = 5*z - 208. What is x(7)?
-173
Let j(f) = 59*f - 5340. What is j(90)?
-30
Let q(r) = -r**2 - 4*r + 129. What is q(9)?
12
Let q(u) = -u**2 - 21*u - 94. Calculate q(-7).
4
Let z(w) = 2*w**2 - 62*w + 105. Give z(27).
-111
Let i(k) = -4*k**2 + 62*k - 92. Give i(14).
-8
Let i(l) = -100*l + 52. Give i(-3).
352
Let c(a) = 191*a + 2678. What is c(-14)?
4
Let i(d) = 2*d**3 + 80*d**2 - 450*d - 21. Determine i(-45).
-21
Let d(h) = 1150*h + 10357. What is d(-9)?
7
Let d(a) = a**2 - 297*a - 7760. Give d(-24).
-56
Let b(z) = -1092*z - 19621. What is b(-18)?
35
Let q(a) = 40*a - 226. What is q(4)?
-66
Let o(v) = -3*v**2 - 103*v - 283. Determine o(-31).
27
Let r(z) = -z**3 - 11*z**2 - 27*z - 974. Give r(-14).
-8
Let m(p) = 3*p - 821. What is m(-28)?
-905
Let w(b) = -132*b + 611. Determine w(5).
-49
Let j(z) = 13*z**3 + 73*z**2 - 31*z - 178. Calculate j(-6).
-172
Let t(k) = k**3 + 26*k**2 + 28*k + 88. Give t(-25).
13
Let n(b) = -b**3 - 35*b**2 + 26*b - 342. Determine n(-36).
18
Let l(z) = 54*z - 2318. Determine l(43).
4
Let p(l) = -l**3 - 2*l**2 - 42*l - 169. Determine p(-4).
31
Let k(f) = -f**3 - 29*f**2 + 44*f - 479. Calculate k(-31).
79
Let d(z) = -z**3 + 10*z**2 + 13*z + 34. Determine d(11).
56
Let j(p) = -74*p**2 + 2658*p + 242. Calculate j(36).
26
Let m(l) = 8*l - 138. Calculate m(15).
-18
Let z(a) = 6*a**2 - 71*a - 270. Calculate z(-4).
110
Let w(y) = y**3 - 52*y**2 + 237*y - 93. Calculate w(47).
1
Let y(n) = n**2 - n - 454. Calculate y(22).
8
Let t(m) = m**3 + 14*m**2 + 237*m - 4. What is t(0)?
-4
Let p(f) = -f**2 + 20*f + 788. Determine p(-20).
-12
Let r(z) = z**3 - 10*z**2 - 17*z - 117. Calculate r(12).
-33
Let f(d) = -d**3 + 85*d**2 - 322*d - 18. What is f(4)?
-10
Let t(u) = -68*u + 40. What is t(-4)?
312
Let h(m) = -165*m + 972. Determine h(6).
-18
Let d(h) = 2*h**3 + 16*h**2 - 84*h - 7. Calculate d(4).
41
Let s(r) = -6*r**2 - 67*r - 76. Calculate s(-10).
-6
Let b(l) = 9*l + 62. Calculate b(9).
143
Let s(v) = 6*v**3 - 42*v**2 - 10*v - 22. Calculate s(8).
282
Let f(k) = -k**2 + 4803*k + 4805. Calculate f(-1).
1
Let c(l) = -2*l**2 - 92*l - 439. Give c(-5).
-29
Let l(h) = h**2 + 12*h - 4595. Give l(62).
-7
Let w(u) = -4*u**3 - 38*u**2 - 19*u + 15. Determine w(-9).
24
Let r(w) = 19*w - 82. Calculate r(4).
-6
Let q(x) = x**3 + 42*x**2 + 155*x + 115. Determine q(-38).
1
Let g(s) = 497*s + 4977. What is g(-10)?
7
Let c(o) = -31*o - 1203. Determine c(-39).
6
Let u(z) = -z**3 + 35*z**2 + 17*z - 12. Calculate u(35).
583
Let b(f) = 26*f - 314. Calculate b(10).
-54
Let i(s) = 640*s - 13444. Give i(21).
-4
Let t(a) = -2*a**2 - 250*a - 521. What is t(-123)?
-29
Let i(t) = -159*t - 8139. Calculate i(-51).
-30
Let s(a) = -90*a + 713. Determine s(8).
-7
Let d(k) = -277*k - 1664. Determine d(-6).
-2
Let p(c) = 77*c + 238. Give p(-3).
7
Let z(i) = i**3 + 15*i**2 + 43*i - 92. Determine z(-9).
7
Let z(h) = -21*h + 126. Give z(19).
-273
Let c(v) = -45*v - 14. What is c(6)?
-284
Let a(l) = 223*l - 912. What is a(4)?
-20
Let j(z) = 5*z**2 + 117*z + 14. What is j(-24)?
86
Let c(v) = -106*v + 2770. Calculate c(26).
14
Let f(l) = -2525*l + 12629. Determine f(5).
4
Let w(a) = -92*a**2 + 16*a + 15. Determine w(2).
-321
Let c(b) = -b**3 + 3633*b**2 - 10893*b + 1. Determine c(3).
-8
Let u(f) = -3*f**2 + 6*f + 68. Calculate u(-5).
-37
Let s(d) = d**2 + 7404*d + 37004. Give s(-5).
9
Let q(v) = -v**3 - 10*v**2 + 68*v - 21. Give q(-15).
84
Let w(d) = 162*d + 484. Determine w(-3).
-2
Let f(a) = 415*a + 32361. Give f(-78).
-9
Let i(s) = -s**3 - 32*s**2 + 111*s + 115. Give i(-35).
-95
Let y(x) = x**3 - 36*x**2 + 13*x + 746. What is y(35)?
-24
Let w(k) = -21*k**3 + 7*k + 15. What is w(-2)?
169
Let d(w) = -21*w**2 + 13*w - 1. Calculate d(2).
-59
Let w(n) = -n**3 + 18*n**2 - 80*n - 24. Give w(10).
-24
Let j(o) = o**3 - 184*o**2 + 1076*o - 33. Give j(6).
15
Let p(x) = -2*x**3 - 17*x**2 + 24*x + 133. Give p(-9).
-2
Let q(y) = -14*y**2 + 122*y + 10. Determine q(9).
-26
Let s(r) = r**3 + 15*r**2 - 71*r - 4. What is s(4)?
16
Let h(m) = -461*m + 11983. What is h(26)?
-3
Let i(g) = 119*g**2 - 14*g. What is i(1)?
105
Let g(v) = 8*v**2 + 4803*v + 4800. What is g(-1)?
5
Let r(i) = -362*i - 728. Determine r(-2).
-4
Let h(w) = -4*w - 49. Calculate h(-18).
23
Let l(n) = -n**2 + 58*n - 881. Determine l(51).
-524
Let x(g) = 1665*g + 18313. Give x(-11).
-2
Let g(n) = -29*n + 1126. Calculate g(38).
24
Let j(b) = 56*b - 1263. What is j(23)?
25
Let q(t) = t**2 - 109*t - 1033. What is q(-9)?
29
Let a(u) = u**3 + 35*u**2 + 61*u - 11. Calculate a(-33).
154
Let h(p) = p**2 + 137*p + 26. Determine h(0).
26
Let g(r) = 141*r + 14259. What is g(-101)?
18
Let t(g) = g**3 - 20*g**2 + 109*g - 103. Determine t(9).
-13
Let m(c) = -3924*c - 54938. What is m(-14)?
-2
Let d(p) = 34*p**3 - 5*p**2 + 13*p + 19. Determine d(-1).
-33
Let i(v) = -14*v + 111. Calculate i(10).
-29
Let f(z) = z**2 + 51*z - 261. Calculate f(-56).
19
Let w(r) = -4*r**2 - 12*r + 1264. Calculate w(16).
48
Let r(z) = z**3 + 62*z**2 + 124*z + 249. Calculate r(-60).
9
Let b(m) = -m - 36. Give b(21).
-57
Let m(p) = -17247*p + 51746. What is m(3)?
5
Let b(z) = z**3 - 9*z**2 + 25*z - 30. Determine b(4).
-10
Let v(i) = -2*i**3 - 26*i**2 - i - 44. Determine v(-12).
-320
Let q(a) = 2*a**3 + 25*a**2 - 19*a - 21. Calculate q(-1).
21
Let w(c) = 2*c**2 - 7*c - 27. Give w(-3).
12
Let w(b) = 219*b + 11381. Calculate w(-52).
-7
Let p(c) = -24*c + 14. Calculate p(-12).
302
Let r(b) = -b**3 + 46*b**2 + 41*b + 271. What is r(47)?
-11
Let p(d) = -d**3 - 13*d**2 + 14*d - 14. What is p(-13)?
-196
Let d(x) = 2*x**2 - 19*x - 174. What is d(15)?
-9
Let u(t) = -3*t**2 + 5*t - 13. Give u(-4).
-81
Let q(v) = 2*v**2 + 25*v - 10. Give q(-13).
3
Let r(t) = 4*t**2 + 61*t - 12036. What is r(-63)?
-3
Let t(n) = -n**3 - 275*n**2 - 6697*n - 249. Give t(-248).
-1
Let v(k) = 287*k + 1451. Determine v(-6).
-271
Let i(h) = h**3 - 14*h**2 - 10*h - 14. Determine i(15).
61
Let a(t) = -13*t + 79. Determine a(10).
-51
Let s(x) = -x**3 + 26*x**2 + 153*x - 11. Determine s(-5).
-1
Let z(i) = -7*i**3 + 30*i**2 - 4*i + 4. What is z(3)?
73
Let w(x) = -112*x + 691. What is w(6)?
19
Let w(s) = 553*s + 4967. What is w(-9)?
-10
Let g(l) = 286*l + 1425. Determine g(-5).
-5
Let w(l) = -3*l**2 + 73*l - 363. Give w(19).
-59
Let h(c) = 3*c**3 + 242*c**2 + 399*c + 317. What is h(-79)?
1
Let c(m) = 32*m + 216. Give c(-7).
-8
Let y(n) = -5*n + 161. Give y(37).
-24
Let o(h) = 84*h**2 - 426*h + 14. Calculate o(5).
-16
Let b(j) = -166*j - 1289. Calculate b(-8).
39
Let f(c) = c**3 + 23*c**2 + 120*c + 19. Determine f(-15).
19
Let h(v) = 5*v**2 - 431*v - 208. What is h(87)?
140
Let c(g) = 2*g**2 + 52*g + 49. Determine c(-1).
-1
Let p(z) = -z**3 - 19*z**2 + 19*z + 55. Calculate p(-19).
-306
Let f(t) = t**2 + 121*t + 3649. Calculate f(-59).
-9
Let d(t) = 34*t - 316. What is d(4)?
-180
Let i(p) = -p**3 - 7*p**2 + 68*p - 32. Determine i(5).
8
Let c(w) = -w**3 - 11*w**2 - 16*w + 28. Calculate c(-9).
10
Let x(f) = 2*f**2 - 68*f + 97. Determine x(33).
31
Let q(k) = -3*k - 27. Calculate q(-55).
138
Let t(d) = -d**2 - 29*d + 21. Determine t(-21).
189
Let d(h) = 3*h**2 + 112*h - 174. Give d(0).
-174
Let r(t) = 3*t + 59. Give r(-13).
20
Let n(r) = 37*r - 954. Calculate n(23).
-103
Let m(p) = -36*p + 217. Give m(6).
1
Let h(t) = -6*t**3 + 4*t**2 + 10*t - 25. Calculate h(3).
-121
Let n(s) = 2*s**3 + 15*s**2 + 126*s + 842. Determine n(-7).
9
Let o(l) = -9286*l + 46434. Give o(5).
4
Let q(s) = -8*s + 359. What is q(41)?
31
Let r(s) = -s**3 - 15*s**2 - 47*s - 36. Determine r(-12).
96
Let b(f) = -f**2 + 17*f - 47. Calculate b(25).
-247
Let h(d) = -d**3 - 6*d**2 + 8*d + 7. What is h(-11)?
524
Let o(t) = 3*t**2 + t - 242. Give o(7).
-88
Let o(c) = -29*c - 1483. Determine o(-51).
-4
Let m(x) = -2*x**3 + 14*x**2 + 51*x - 309. What is m(8)?
-29
Let p(a) = -2*a**2 - 56*a + 123. Determine p(-30).
3
Let m(q) = -q**3 + 3*q**2 + 31*q + 21. Calculate m(-5).
66
Let y(q) = -q**3 + 15*q**2 + 252*q - 29. Determine y(25).
21
Let x(b) = b**3 + 10*b**2 + 13*b + 211. Give x(-11).
-53
Let f(i) = -216*i - 1750. Determine f(-8).
-22
Let h(c) = -55*c - 717. What is h(-13)?
-2
Let g(w) = 13*w - 521. Calculate g(42).
25
Let l(k) = -k**3 + 32*k**2 - 94*k - 233. Determine l(5).
-28
Let g(j) = j**2 - 18*j + 90. What is g(19)?
109
Let a